 - 7*z**2 + 16. Determine c(0).
-11
Let b = 17 + -15. Let i = b - -2. Let n(r) = -3*r + 4 - i - 2 + r. Give n(-4).
6
Let g(l) = 13*l**2 + 10*l + 9. Let d(t) = -11*t**2 - 10*t - 9. Let i(w) = 6*d(w) + 5*g(w). What is i(-6)?
15
Let v(w) = -3*w - 1. Let b be -2 - ((1 - 5) + -4). Determine v(b).
-19
Let l = 92 + -98. Let q(v) = -v**3 + 6*v**2 + 4*v + 2. Let k(p) = -3*p**3 + 12*p**2 + 9*p + 4. Let c(u) = -2*k(u) + 5*q(u). Determine c(l).
-10
Let b(f) = f**2 + 13*f + 11. Let l be 40/(8/(-4)) - -11. Determine b(l).
-25
Let p(n) = -2*n**2 + n**2 + 0*n**2 + 3*n + 7 + 4. What is p(6)?
-7
Let o be ((-8)/(-10))/((-10)/(-25)). Let d be (-3 - -5)*(o + 2)/(-2). Let s(k) = -k**3 - 3*k**2 + 4*k. Determine s(d).
0
Let v(u) = 49*u**3 + 8*u**2 + 17*u + 8. Let n(z) = 16*z**3 + 3*z**2 + 6*z + 3. Let d(o) = 11*n(o) - 4*v(o). Calculate d(1).
-20
Let q(l) = l**2 + 1 + 100*l + 7*l**3 - 102*l - 3*l**3. What is q(1)?
4
Let i(b) = 166*b + 328. Let r be i(-2). Let j(k) = 13*k + 47. Calculate j(r).
-5
Let l(z) be the first derivative of -3*z**2/2 - 9*z + 131. Determine l(-8).
15
Let a(j) be the first derivative of j**4/4 - 10*j**3 + 29*j**2/2 + 4*j + 655. Give a(29).
4
Let a(y) = y**2 - 4*y - 3. Let h(t) = t + 8. Let s be h(-7). Suppose 6*b - 3*b = 3*p + 15, -b - s = 5*p. What is a(b)?
-3
Let h(m) = -m**3 + 5*m**2 + 5*m - 3. Let p = 4 + 6. Suppose -5*i + 40 = p. What is h(i)?
-9
Let l(g) = 2*g**3 + 18*g**2 - 21*g - 6. Let z be l(-10). Let r(o) = o**2 - 5*o - 3. Calculate r(z).
-7
Suppose n = 4*n. Suppose a + n*a = 3. Let h(l) = -5 - 7 - 2*l + 12 + l**2 - 4. Give h(a).
-1
Let c(m) be the second derivative of m**3/3 + m**2/2 - m. Let j(a) = -a**2 + 133*a - 761. Let w be j(6). Determine c(w).
3
Let m(j) = j + 9. Let h be m(-7). Let t = 16 + -19. Let g = t + h. Let v(a) = -5*a**3 - 2*a**2 + 1. What is v(g)?
4
Let y(d) = d**2 - 9*d + 4. Let s = 107 + -72. Suppose -9*b = -2*b - s. Determine y(b).
-16
Let d(p) = -11*p + 7 - 6 + 6*p + 3. Determine d(-4).
24
Let d(o) be the second derivative of o**5/20 - 7*o**4/12 + 7*o**3/6 + 4*o**2 - 17*o - 1. What is d(6)?
14
Let x(v) = 5*v - 3 + 0*v**2 - v**2 + 1. Let m be -13 - (2*3/(-2) + -1). Let b be 12/m*(-4 + (-3 - -4)). What is x(b)?
2
Suppose -4*y + 4*r - 2 = 2, -y - 4*r = -4. Suppose 3*c + 2*c = y. Let q(o) = o**2 - 6. Give q(c).
-6
Let r(n) = -4*n - 14 - 3*n**3 + 19 + 2*n**2 + 4*n - n - 4*n. Determine r(2).
-21
Let c(i) = i - 1. Let v be c(-4). Let s(k) be the second derivative of -k**5/20 - k**4/3 + 5*k**3/6 - 2*k**2 + 369*k. Calculate s(v).
-4
Let h(i) = -i**3 + 12*i**2 - 12*i + 10. Suppose -1102*m = -1093*m - 99. What is h(m)?
-1
Let y(d) = -11642*d - 11642*d + 9 + 23283*d. Suppose 2*l - c - 3*c + 16 = 0, -4*l + 4 = c. Give y(l).
9
Suppose -6*u + 5*u = 2*s + 18, -3 = s - u. Let x(h) = h**2 + 2*h - 5. Determine x(s).
30
Let r(s) be the second derivative of s**5/20 - s**4/3 - 7*s**3/6 + 2*s**2 - 79*s. Give r(5).
-6
Suppose -2*d - 8 = 4. Let p(t) = -16*t + 37*t - 10*t - 5 - 12*t. Calculate p(d).
1
Let t = -29 + 66. Let p(b) = 3*b**2 - 2*b**2 - b**3 - 2 - 2*b**2 + 38*b - t*b. Give p(2).
-12
Let n(d) = 9 + 2 - 10 + 2*d + 0 + 11. Determine n(-9).
-6
Let o(z) = -z**2 + 9*z - 2. Suppose 20*v - 159 = -39. What is o(v)?
16
Suppose 2*b + 2*x = 12 - 2, 2*x = 3*b + 10. Suppose -4*s + 2*s = b. Let z(h) = h**2 + h + 6. Calculate z(s).
6
Let a = 537/2 - 268. Let g(y) be the first derivative of -y - 1/3*y**3 + a*y**2 + 11/4*y**4 - 4. Determine g(1).
10
Let s(v) = v**2 + v + 13. Let p(t) be the second derivative of 0 - 5/6*t**3 + 2*t**2 - 1/20*t**5 + 5/12*t**4 - t. Let k be p(4). Give s(k).
13
Let a(g) = -g**2 - 22*g + 13*g - 4 - 3 + 3. Let x(o) = -10*o**3 + 2*o**2 - o. Let b be x(1). Give a(b).
-4
Let o(a) = a**3 + 2*a**2 - 7*a - 4. Let k(u) = -u**3 - u**2 + 7*u + 4. Let i(f) = 2*k(f) + 3*o(f). Calculate i(-6).
-34
Suppose -8*o = -9*o + 3. Let w(l) = l + 2*l - 5 + l**o - 2*l - 2*l + 6*l**2. Calculate w(-6).
1
Let l = -8 - -10. Suppose x - 1 = -l*m + 3*m, 0 = -3*x. Let d(w) = 2*w**3 - 4*w - 1 - 5*w**3 + 3*w - w**2. Determine d(m).
2
Let o(s) be the first derivative of 7*s**4/4 - s**3/3 + s**2/2 - 17. Suppose 4 = -3*k + 7*k. What is o(k)?
7
Suppose -j - 2*a = j + 14, -3*j - a = 19. Let r(v) = -v**2 + 2*v + 1. Let f(k) = -k**2 + 3*k + 1. Let n(o) = j*r(o) + 5*f(o). What is n(-3)?
-1
Suppose 2*j + 0*j = 24. Suppose 0 = 2*n + 5*v + j, 0*v + v = -n. Let r(b) = 2*b - 3. What is r(n)?
5
Let x(u) = 4962*u - 4961*u + 3 - 6. Determine x(8).
5
Let n(g) be the second derivative of 1/6*g**3 + 5/12*g**4 - 1/2*g**2 - 9*g + 0. Determine n(1).
5
Suppose s = -3*s. Let n(q) = q**3 + 19*q + s - 8*q**2 - 2 - 13*q. What is n(7)?
-9
Let b(k) = 11*k - 23. Let w be b(3). Let v(p) = p + 3. Give v(w).
13
Let b(m) = -2*m**2 - 6*m + 1. Let a(h) = -h**3 - h**2 - 2*h. Let g(w) = -2*a(w) + b(w). Give g(2).
13
Let o be (-2 - 21/(-3)) + (-3 - -6). Let b(p) be the third derivative of -p**4/24 + 17*p**3/6 + 2*p**2. Calculate b(o).
9
Let l(j) = j - 2. Suppose 2*g + 41 = -5*c, 2*g = 9*c - 6*c + 15. Determine l(c).
-9
Let f = 4 + -2. Let m be 0/f + -1 + -2. Let d(w) = 31*w - 16. Let p(b) = 14*b - 7. Let c(n) = 4*d(n) - 9*p(n). Determine c(m).
5
Let k(w) = -48*w + 23*w - 4 + 19*w. Give k(-4).
20
Let c(m) = -m**3 + 5*m**2 - 4*m. Let x = 5 + 13. Let a = x - 9. Suppose 0 = -9*i + 6*i + a. Calculate c(i).
6
Let y be 1/(-4) - (-6)/24 - -5. Let h(l) be the first derivative of -l**4/24 - l**2 - 3. Let v(s) be the second derivative of h(s). Calculate v(y).
-5
Let w(y) = -99 + 6*y - 128 - 117 + 312. Determine w(8).
16
Suppose -5*a - 20 = -4*d - 45, 0 = -4*a - 2*d + 20. Let b(p) be the second derivative of 1/20*p**a - 8*p + 0*p**4 + 0 + 3/2*p**2 - 1/3*p**3. Give b(2).
7
Let s(x) be the second derivative of -x**7/840 - x**6/60 - x**4/4 + 11*x**3/6 - 12*x. Let o(c) be the second derivative of s(c). Give o(-6).
-6
Let z(q) = -2*q**2 + 6*q - 1. Let r(y) = -y**2 + 5*y + 5. Let b be r(6). Let c be 104/24 - b/(-3). Calculate z(c).
-9
Let g(y) be the third derivative of -y**6/120 - y**5/30 - y**4/24 - 76*y**2. Calculate g(-2).
2
Let x(l) be the second derivative of l**4/12 + l**3/6 - 9*l. Let r be 1/(-4) + (-135)/(-108). Give x(r).
2
Let n(o) = -o**2 - 3. Let y(m) = -21*m + 9*m + 3*m + 18 + 0*m. Let q be y(2). Calculate n(q).
-3
Let c(l) = l**3 + 9*l**2 + 7*l - 11. Let r be 8/4 + 48/1. Let s = r + -58. Give c(s).
-3
Suppose 2*o - 20 = -p, -5*o + 3*p + 56 = 4*p. Let n be (1/3 + -1)*(-171)/(-6). Let r = o + n. Let v(q) = -q**3 - 8*q**2 - 7*q + 2. Calculate v(r).
2
Let f(j) = -5*j**2. Let l(n) = n**3 - 6*n**2 + 14*n + 11. Let q(v) = 4*f(v) - l(v). Determine q(-13).
2
Suppose 0 = 2*n + n + 5*y - 5, 5*n - 30 = -4*y. Let h(v) = v**3 + 0 + 6 - n*v**2 - 2*v**3 + 5 + 2*v. Calculate h(-10).
-9
Let v(o) = -2*o**2 + 13*o - 4*o**2 + 23*o - 41*o + 6*o + 4. Give v(2).
-18
Let j(z) be the third derivative of -z**4/6 - 17*z**3/6 - 15*z**2 + 3. What is j(-5)?
3
Suppose 5*m = -4*b + 38, 5*b = -4*m + 2*m + 39. Let h(f) = -f**3 + 6*f**2 + 7*f - 5. Give h(b).
-5
Let q(v) be the first derivative of 3*v**2 - 1/4*v**4 - 4/3*v**3 + 32 + v. Let o = -17 + 12. Determine q(o).
-4
Let m be 4*48/(-40)*(-5)/2. Let b(j) = j**3 - 12*j**2 - j + 5. Calculate b(m).
-7
Let i(g) = g**2 + g - 1. Let s(o) be the second derivative of -5*o**4/12 - 2*o**3/3 + 3*o**2 - 11*o. Let j(z) = -4*i(z) - s(z). Determine j(-3).
7
Let r(p) = -4*p + 1. Let o be r(0). Suppose o - 55 = 9*l. Let n(h) = 2*h**2 + 9*h + 18. Let a(s) = -s**2 - 4*s - 9. Let x(z) = 7*a(z) + 4*n(z). Give x(l).
-3
Let l(i) = -2*i - 27. Let p be l(-13). Let f(w) be the third derivative of -w**6/15 + w**5/60 + w**4/24 + 11*w**2. Give f(p).
8
Let i(d) = 17*d**2 - 2*d + 12. Let y(u) = -31*u**2 + 3*u - 22. Let p(n) = 11*i(n) + 6*y(n). What is p(-5)?
45
Let l = -1109 + 1112. Let i(g) = -6*g + 6. Let w(h) = -3*h + 3. Let a(s) = 3*i(s) - 7*w(s). Give a(l).
6
Suppose -17*n + n + 32 = 0. Let q(u) = u**2 + 3*u - 5. Determine q(n).
5
Let n(s) = 2*s**2 - 103*s - 6 + 90*s + s**3 + 10*s**2. Give n(-13).
-6
Let h(g) be the second derivative of g**5/20 - 11*g**4/12 + 11*g**3/6 - 6*g**2 + 533*g. Suppose -25 = -4*f - 4*x + x, f = x + 15. What is h(f)?
-2
Let n(h) = -4*h + 11 + 0*h + 3*h + 0. What is n(11)?
0
Let u(p) be the second derivative of p**4/12 - 5*p**3/6 + 3*p**2 - p + 45. Give u(5).
6
Let f(q) =